g?
2, 83
Let d(m) = -m**2 + 3. Let z = 13 - 22. Let s(i) = -2*i**2 + 7. Let o(f) = z*d(f) + 4*s(f). What are the prime factors of o(1)?
2
Suppose 42 = 5*b - 63. List the prime factors of b.
3, 7
Let h = 47 - -3. Let b be (-3)/(-5) - 34/(-10). Suppose h = b*s + 10. List the prime factors of s.
2, 5
Let j(q) = q**3 + 4*q**2 - q. Let i be j(-4). Let z be (18/i - 1)*-2. Let p = -4 - z. List the prime factors of p.
3
Let j(y) = y**2 + y - 1. Let x be j(2). Suppose -x*k + 85 = -5*a, 0 = 4*k + a - 24 - 19. What are the prime factors of k?
2, 3
Suppose 0*y - 1 = -y. Suppose -2*k - 3*g - y + 3 = 0, 5*k + g = 31. List the prime factors of k.
7
Let q be (1 - 1) + -1 + 1. Suppose -7*g + 3*g + 104 = q. List the prime factors of g.
2, 13
Let i(q) = 3*q + 0*q - 2*q + 14. Let d be 209/(-76)*(-1 + 5). What are the prime factors of i(d)?
3
Suppose 2*l - 4 + 2 = 0, -143 = -4*p + l. List the prime factors of p.
2, 3
Let k = 588 + -363. List the prime factors of k.
3, 5
Let b be (-7)/((-7)/(-6)) - -2. Let a(w) = w + 6. List the prime factors of a(b).
2
Let w(v) = 9*v**2 - 2*v + 1. Let h be (-3)/(0 + (-6)/2). What are the prime factors of w(h)?
2
Let y(t) = -4*t**2 - 6. Let n(w) = 5*w**2 + 7. Let c(h) = -3*n(h) - 4*y(h). What are the prime factors of c(4)?
19
Let a(v) = -v**3 - 6*v**2 - 7*v - 7. Let n be a(-5). Suppose 21 = 2*m - 5*g, -m + g - 3 = -n*m. Let c = 5 - m. What are the prime factors of c?
2
Suppose 27 - 127 = -5*x. Suppose 4*l + u = 114, 4*u = -4*l + 100 + x. List the prime factors of l.
2, 7
Suppose 3*s - 7*s + 12 = 0. Suppose -2*v + 33 = q, 0 = 5*v + 2*q + s*q - 85. List the prime factors of v.
2
Let f(q) = -q**3 - 10*q**2 - 7*q + 19. List the prime factors of f(-10).
89
Let q(c) = -41*c + 3. What are the prime factors of q(-1)?
2, 11
Suppose -46 = -5*g + 24. Suppose 3*v = -x + 15, -5*v = -3*x - 9 - 16. Suppose v*j = 16 + g. List the prime factors of j.
2, 3
Let c(j) = -j**3 - 3*j**2 + 2*j + 2. Let d be c(-4). Let b be (-3 - (-8)/3)*-6. Suppose -2*t + b = -d. List the prime factors of t.
2, 3
Suppose 9*t - 4*o = 10*t - 31, -46 = -t - o. What are the prime factors of t?
3, 17
Let k = -3 + 3. Suppose b = -m + 7, -3*b = -k*b - 4*m - 7. What are the prime factors of b?
5
Suppose 2*q - 7 = 9. Suppose -s - 3 = -q. What are the prime factors of s?
5
Let d = -10 + 24. List the prime factors of d.
2, 7
Let n = 8 - 6. Suppose -n*l + g = 0, -5*l = 4*g - 24 - 2. Let p = l + 12. What are the prime factors of p?
2, 7
Let s(w) = w**2 + 3. Let i be s(0). Let n(g) = -i + 3*g - g + 0. What are the prime factors of n(6)?
3
Suppose -4 - 4 = -4*r. Let p = 10 + r. List the prime factors of 1/(-1) + -3 + p.
2
Let w(f) = f**3 - 3*f**2 + 4. Let p be w(3). Suppose q - n = 16, -2*q = -5*q + p*n + 49. List the prime factors of q.
3, 5
Suppose 4*n - 3*r - 5 = -2, 4*n + r = -1. Suppose n = q + q - 20. List the prime factors of q.
2, 5
Let d(k) = -16*k**3 - 2*k**2 - 2*k - 1. List the prime factors of d(-1).
3, 5
List the prime factors of 2208/20 + (-4)/10 - 3.
107
Suppose -4*s + 72 = 2*i, 7*s - 6*s = 2*i - 47. Let f = -16 + i. List the prime factors of f.
2, 5
List the prime factors of (-9)/6 + 195/2.
2, 3
Let t(m) = 2*m**2 + 15*m - 22. What are the prime factors of t(-10)?
2, 7
Suppose -4*v + 43 = -2*r - 29, -2*v + 3*r + 32 = 0. What are the prime factors of v?
19
Suppose -4 - 6 = -2*l + 4*h, 5*l - 3*h = 25. Let y = 11 - l. Let j = y + -4. List the prime factors of j.
2
Let g be 9/12 + (-5)/(-4). Let v = 0 + g. Suppose 4*h - v*a = 3*h + 1, 3*h - 8 = a. List the prime factors of h.
3
Let m(b) = 10*b**2 - 3. List the prime factors of m(2).
37
Suppose -5*y + 7 = -m, 5*m - 10 = -2*y + 9. What are the prime factors of y?
2
Let s be -1 + 1 + 2 + 3. Let f be (-1 - -2)*(4 - s). What are the prime factors of (9*-1)/f + 2?
11
List the prime factors of 2*3/15 - (-1076)/10.
2, 3
Let b be ((-2)/5)/((-2)/50). Suppose b = 4*h - 2*h. List the prime factors of h.
5
Let n = -190 + 278. List the prime factors of n.
2, 11
Suppose -68 + 194 = 2*q. What are the prime factors of q?
3, 7
Let q = 8 + -6. Let i = 8 - q. What are the prime factors of 3/(-9) + 56/i?
3
Suppose 5*o + 96 = -3*c, -3*c + 6*o - 2*o - 69 = 0. Let h = c - -53. List the prime factors of h.
2, 13
Let k be (-32)/(-6) + (-2)/(-3). Suppose -3*p + 6 = -k. What are the prime factors of p?
2
Let j(v) = v + 3. Let c be j(4). Let y = c - 7. Suppose 0 = 5*m + 3*o - 95, 10*o - 5*o = y. What are the prime factors of m?
19
Let k(f) = 5*f**3 - f**2 + 1. Let c be k(1). Suppose 3*x + z - 4 = 9, -c*z + 9 = x. What are the prime factors of x?
2
Suppose 263 + 1247 = 5*g - 3*v, 0 = 2*g - 4*v - 618. What are the prime factors of g?
13, 23
List the prime factors of 0/(-3) + (0 - -33).
3, 11
Let b(f) = -f**2 + 14*f - 14. Let d be b(12). Suppose j - 13 = d. What are the prime factors of j?
23
Let f be (-4 - -7) + -1*2. List the prime factors of (f - 4)/(1/(-3)).
3
Let t(h) = -h**2 - 4*h + 7. Let k be t(-5). List the prime factors of (-122)/(-4) - k/4.
2, 3, 5
Let v = -5 + 9. Suppose 2*d = 2*t + 22, -v*t = 3*d - 22 + 3. What are the prime factors of d?
3
Suppose 2*v = -0 - 12. What are the prime factors of (-25)/v - 4/24?
2
Let b(z) = -2*z - 4. Let f be b(-7). List the prime factors of (48/20)/(2/f).
2, 3
Let a(s) = 15*s + 1. Let t be a(4). Let c = 87 - t. List the prime factors of c.
2, 13
Let w(z) = 3*z**2 - 11*z + 3. What are the prime factors of w(6)?
3, 5
Let f be (6/(-1))/(24/60). What are the prime factors of ((-78)/f)/(4/20)?
2, 13
Let w be (9/(-6))/((-2)/12). Suppose 3*k = -3 + w. Suppose -k*f - 1 = -5. What are the prime factors of f?
2
Suppose -3*f + 4*k = -4*f - 4, 2*f - 5 = 5*k. Suppose f = -z - z + 36. List the prime factors of z.
2, 3
Suppose -r + 63 = -0*r. List the prime factors of r.
3, 7
List the prime factors of ((-104)/(-16))/((-1)/(-4)).
2, 13
What are the prime factors of -2 + 0 - -3 - -41?
2, 3, 7
Suppose -6 + 60 = 3*g. What are the prime factors of g?
2, 3
Let q(l) = -l**2 + 8*l + 2. Let c be q(6). List the prime factors of 4 - (2 - c)/3.
2
Let t(g) be the third derivative of g**6/360 - g**5/20 + g**4/24 - 2*g**2. Let i(j) be the second derivative of t(j). What are the prime factors of i(7)?
2
Let h(i) = i**2 - 2*i + 1. Let a be h(4). Let d = 13 - a. Suppose -24 = -7*l + d*l. List the prime factors of l.
2
Let w(j) = -5*j + 9. List the prime factors of w(-7).
2, 11
Suppose 4 = 7*u - 59. Suppose -u = -n + 14. List the prime factors of n.
23
Suppose 0 = 5*p + 5*r + 50, 2*r + 2*r + 45 = -5*p. Let i(n) = 7*n**2 + n**3 + 3*n - 3 - 3 + 7 + 4*n. List the prime factors of i(p).
2
Suppose -3*b + 93 = -0*b. Let w = -18 + b. What are the prime factors of w - ((1 - 0) + 1)?
11
Let i be 2/(-4) + (-318)/(-12). List the prime factors of -1*3/(-6)*i.
13
Suppose -s = 2*s + 2*q - 17, 3*s - 3*q = -3. List the prime factors of s.
3
Let h(c) = c**2 - 4*c - 1. Let z be (2 + -5)/3 - -7. What are the prime factors of h(z)?
11
Let g(y) = 3*y**2 - 9*y - 4. Let c(r) = 13*r**2 - 36*r - 16. Let n(i) = 2*c(i) - 9*g(i). Let s be (-1)/(-1) - (-6 + 0). List the prime factors of n(s).
2, 3
Let a(r) = -r + 5. Let q(u) = u**2 - u - 1. Let g(t) = a(t) + 2*q(t). Let n be g(3). Suppose -m = -n - 0. List the prime factors of m.
2, 3
Let p(u) = -12*u - 13. List the prime factors of p(-4).
5, 7
Suppose 135 = 5*q + 5*s - 0, 0 = 4*q - 3*s - 108. List the prime factors of q.
3
Suppose -6 = -4*w + 26. What are the prime factors of w?
2
Suppose 2 = 2*y + 4. Let c(n) be the third derivative of -3*n**6/20 - n**5/30 - n**4/24 + 11*n**2. List the prime factors of c(y).
17
Suppose 5*j + 3*r + 26 = 0, -5*r - 11 = 3*j + 11. List the prime factors of (-4)/j - 4*-7.
29
Let r(g) = 6*g - 2 - g**2 + 2*g**2 - 3. Let z be r(-7). What are the prime factors of -2 - (-2 - z) - -4?
2, 3
List the prime factors of (3 + 0)/(-5 + (-1896)/(-378)).
3, 7
Let i be (-6)/(-21) - 4/14. Suppose -5*k = -0*k - 165. Suppose 5*q + h - k = -i, -4*h = 5*q - 27. What are the prime factors of q?
7
Let k be 40/22 - (-6)/33. Let d(u) = -2*u**2 - 9*u + 2*u**2 + 3*u**k + 11 - 2*u**2. List the prime factors of d(10).
3, 7
Suppose -4*r - 1 = -13. Suppose -m = 5*z + 2*m - 21, -m = r. List the prime factors of z.
2, 3
What are the prime factors of 147/9 + 6/9?
17
List the prime factors of ((-147)/2)/((-3)/6).
3, 7
What 